Does 3 divide 201363?
True
Is 31040 a multiple of 160?
True
Is 2431435 a multiple of 389?
False
Is 578920 a multiple of 328?
True
Does 6 divide 795030?
True
Is 33 a factor of 1196993?
False
Does 287 divide 375730?
False
Is 10 a factor of 2014770?
True
Is 303724 a multiple of 8?
False
Is 721 a factor of 10093279?
True
Is 583 a factor of 1978119?
True
Is 4 a factor of 160411?
False
Does 76 divide 6445340?
False
Does 237 divide 1687181?
False
Is 462796 a multiple of 62?
False
Is 3 a factor of 137692?
False
Is 33 a factor of 322047?
True
Is 1160236 a multiple of 275?
False
Is 1584324 a multiple of 21?
True
Is 55945 a multiple of 167?
True
Does 33 divide 119526?
True
Is 86 a factor of 76110?
True
Does 16 divide 778870?
False
Does 10 divide 1990760?
True
Is 18 a factor of 381438?
True
Is 76664 a multiple of 56?
True
Is 7 a factor of 36496?
False
Is 67633 a multiple of 86?
False
Does 14 divide 193208?
False
Does 568 divide 59072?
True
Is 545940 a multiple of 27?
True
Is 568 a factor of 398758?
False
Is 37 a factor of 1465519?
False
Does 83 divide 100264?
True
Is 87 a factor of 1801509?
True
Is 1561050 a multiple of 18?
True
Is 111 a factor of 599282?
False
Is 1564666 a multiple of 58?
True
Is 107 a factor of 2568?
True
Does 360 divide 900720?
True
Is 181 a factor of 127081?
False
Is 971962 a multiple of 122?
False
Is 188229 a multiple of 3?
True
Does 2 divide 622254?
True
Is 1782376 a multiple of 8?
True
Does 1986 divide 4661142?
True
Does 82 divide 4416758?
False
Is 132 a factor of 109691?
False
Is 757729 a multiple of 7?
True
Does 28 divide 2815?
False
Is 89 a factor of 534953?
False
Is 159 a factor of 2817455?
False
Is 2917763 a multiple of 19?
False
Is 11 a factor of 710195?
False
Is 51 a factor of 657234?
False
Is 101577 a multiple of 7?
True
Is 551499 a multiple of 79?
True
Is 773 a factor of 694927?
True
Does 13 divide 102734?
False
Does 6 divide 775218?
True
Does 33 divide 244237?
False
Is 640831 a multiple of 27?
False
Is 11096771 a multiple of 50?
False
Is 73 a factor of 120939?
False
Is 22590 a multiple of 215?
False
Is 8 a factor of 953632?
True
Is 466916 a multiple of 90?
False
Is 14553948 a multiple of 226?
True
Does 260 divide 1630423?
False
Is 49909 a multiple of 9?
False
Is 81459 a multiple of 189?
True
Is 124769 a multiple of 8?
False
Is 8956943 a multiple of 9?
False
Is 19 a factor of 625024?
True
Does 111 divide 153583?
False
Is 4199055 a multiple of 29?
True
Is 6 a factor of 2475296?
False
Is 194 a factor of 2378258?
False
Does 6 divide 592872?
True
Is 70 a factor of 755777?
False
Is 104 a factor of 61464?
True
Is 4 a factor of 36352?
True
Does 275 divide 2964325?
False
Is 778176 a multiple of 21?
True
Is 1052 a factor of 2213177?
False
Is 170 a factor of 4760096?
False
Does 15 divide 1491575?
False
Does 14 divide 7499666?
False
Is 181748 a multiple of 617?
False
Is 458304 a multiple of 21?
True
Does 13 divide 46735?
True
Is 10 a factor of 239859?
False
Is 16 a factor of 4657504?
True
Is 112 a factor of 5605247?
False
Does 13 divide 52216?
False
Is 8985873 a multiple of 339?
True
Is 219438 a multiple of 48?
False
Is 204 a factor of 315384?
True
Is 60979 a multiple of 126?
False
Does 9 divide 96369?
False
Does 763 divide 447881?
True
Is 52182 a multiple of 23?
False
Is 20 a factor of 16619394?
False
Does 189 divide 839198?
False
Is 478608 a multiple of 156?
True
Is 1181972 a multiple of 11?
True
Is 30314943 a multiple of 69?
True
Is 3722127 a multiple of 66?
False
Is 162 a factor of 3216740?
False
Is 730275 a multiple of 321?
True
Is 80550 a multiple of 18?
True
Is 177409 a multiple of 131?
False
Does 61 divide 36778?
False
Is 26 a factor of 375466?
True
Is 25210080 a multiple of 574?
True
Is 83057 a multiple of 31?
False
Is 55 a factor of 134352?
False
Does 15 divide 2863440?
True
Is 197 a factor of 68359?
True
Is 1492092 a multiple of 63?
True
Does 3 divide 19088?
False
Is 1485680 a multiple of 16?
True
Is 436 a factor of 176967?
False
Is 34 a factor of 1373133?
False
Does 115 divide 315919?
False
Is 81718 a multiple of 15?
False
Does 6 divide 479796?
True
Is 37 a factor of 261220?
True
Is 1346848 a multiple of 8?
True
Is 1789176 a multiple of 8?
True
Does 260 divide 8753680?
True
Is 5 a factor of 7813?
False
Does 28 divide 2711800?
True
Is 5 a factor of 1885651?
False
Is 2514096 a multiple of 711?
True
Does 152 divide 3747560?
True
Is 1501560 a multiple of 24?
True
Does 9 divide 9252?
True
Is 10068 a multiple of 14?
False
Does 25 divide 2374600?
True
Is 244 a factor of 645868?
True
Does 4 divide 510814?
False
Is 202578 a multiple of 11?
False
Does 268 divide 1882889?
False
Does 8 divide 15307543?
False
Is 2792 a multiple of 8?
True
Does 8 divide 101448?
True
Is 938466 a multiple of 243?
True
Is 10 a factor of 30900?
True
Is 372922 a multiple of 7?
False
Is 1519348 a multiple of 84?
False
Does 4 divide 30920?
True
Is 2747808 a multiple of 72?
True
Does 5 divide 99745?
True
Does 16 divide 136292?
False
Does 125 divide 314181?
False
Is 102606 a multiple of 42?
True
Does 577 divide 2478327?
False
Is 28412800 a multiple of 800?
True
Does 349 divide 1404118?
False
Is 210 a factor of 245280?
True
Is 10172171 a multiple of 189?
False
Does 527 divide 2295612?
True
Is 47326 even?
True
Is 344240 a multiple of 80?
True
Is 9 a factor of 110745?
True
Is 1771646 a multiple of 364?
False
Is 44 a factor of 647724?
True
Is 3030373 a multiple of 92?
False
Is 764757 a multiple of 116?
False
Does 2 divide 248080?
True
Is 78 a factor of 81832?
False
Is 6240 a multiple of 4?
True
Is 2 a factor of 561886?
True
Does 405 divide 565249?
False
Is 8 a factor of 138992?
True
Is 11 a factor of 8962265?
False
Does 675 divide 3384243?
False
Does 10 divide 885360?
True
Does 29 divide 24505?
True
Does 35 divide 90118?
False
Is 3981687 a multiple of 829?
True
Is 28 a factor of 10724?
True
Is 6 a factor of 124240?
False
Is 75 a factor of 2113800?
True
Is 35 a factor of 263585?
True
Is 30 a factor of 601885?
False
Is 13069701 a multiple of 776?
False
Is 310 a factor of 9394019?
False
Is 378972 a multiple of 242?
True
Is 20228967 a multiple of 27?
True
Does 93 divide 51243?
True
Is 502384 a multiple of 34?
True
Does 28 divide 489328?
True
Does 40 divide 1275104?
False
Is 226 a factor of 959879?
False
Is 53 a factor of 5582702?
True
Does 101 divide 198873?
False
Is 310363 a multiple of 18?
False
Does 39 divide 2311764?
True
Does 3 divide 24532?
False
Is 12 a factor of 455876?
False
Is 2603943 a multiple of 9?
True
Is 2100240 a multiple of 144?
True
Is 2464854 a multiple of 360?
False
Is 56884 a multiple of 2?
True
Does 79 divide 5714155?
False
Does 117 divide 695237?
False
Is 99479 a multiple of 51?
False
Does 192 divide 84352?
False
Does 40 divide 9989082?
False
Does 44 divide 471117?
False
Is 6160 a multiple of 88?
True
Does 182 divide 21917896?
True
Is 6 a factor of 860859?
False
Is 3164238 a multiple of 231?
True
Is 6 a factor of 80202?
True
Does 78 divide 1157910?
True
Does 10 divide 869563?
False
Is 1103058 a multiple of 232?
False
Is 541 a factor of 733495?
False
Is 54693 a multiple of 6?
False
Is 87816 a multiple of 12?
True
Is 34 a factor of 211004?
True
Is 1469 a factor of 4863859?
True
Is 5324337 a multiple of 813?
True
Is 1696852 a multiple of 38?
True
Does 6 divide 2496518?
False
Is 15 a factor of 31680?
True
Is 49095 a multiple of 247?
False
Does 65 divide 9691825?
True
Is 431158 a multiple of 322?
True
Is 1291194 a multiple of 18?
True
Is 6 a factor of 65880?
True
Is 526 a multiple of 8?
False
Is 28629 a multiple of 24?
False
Is 4090129 a multiple of 12?
False
Does 82 divide 27213?
False
Is 87 a factor of 219414?
True
Does 139 divide 23213?
True
Is 618185 a multiple of 401?
False
Is 22 a factor of 13156?
True
Is 146734 a multiple of 329?
True
Is 325808 a multiple of 7?
True
Does 55 divide 12110?
False
Does 152 divide 478785?
False
Is 37630 a multiple of 10?
True
Does 15 divide 290536?
False
Does 141 divide 138744?
True
Is 95442 a multiple of 11?
False
Does 92 divide 199640?
True
Is 23 a factor of 1189262?
False
Is 581745 a multiple of 383?
False
Is 9 a factor of 1818?
True
Does 874 divide 1494404?
False
Is 111 a factor of 1671327?
True
Is 4095649 a multiple of 8?
False
Is 33072 a multiple of 78?
True
Is 174 a factor of 306803?
False
Is 134 a facto